{"id":18,"date":"2025-06-29T10:58:31","date_gmt":"2025-06-29T10:58:31","guid":{"rendered":"https:\/\/hanspeterulli.ch\/training-consulting\/?page_id=18"},"modified":"2025-06-29T15:46:22","modified_gmt":"2025-06-29T15:46:22","slug":"uebersicht","status":"publish","type":"page","link":"https:\/\/hanspeterulli.ch\/training-consulting\/","title":{"rendered":"\u00dcBERSICHT"},"content":{"rendered":"<section  class='av_textblock_section av-yobe-62fe8da128fa668d746a7253f698c97d '   itemscope=\"itemscope\" itemtype=\"https:\/\/schema.org\/CreativeWork\" ><div class='av-medium-hide av-small-hide av-mini-hide avia_textblock'  itemprop=\"text\" ><h1 style=\"text-align: center;\"><span style=\"color: #ffffff;\">TRAINING &amp; CONSULTING F\u00dcR TEAMS UND F\u00dcHRUNGSKR\u00c4FTE<\/span><\/h1>\n<\/div><\/section>\n<div  class='flex_column av-21yqu-7804c7aa93bdf84843ca46393d22b35f av_one_third  avia-builder-el-1  el_after_av_textblock  el_before_av_one_third  first flex_column_div  column-top-margin'     ><section  class='av_textblock_section av-mcho4ekm-0a1b2b7f445ed55518561f39261c2bcc '   itemscope=\"itemscope\" itemtype=\"https:\/\/schema.org\/CreativeWork\" ><div class='avia_textblock'  itemprop=\"text\" ><p style=\"text-align: left;\"><strong>Mein Angebot\u00a0<\/strong>richtet sich an F\u00fchrungskr\u00e4fte und Teams. In einem unverbindlichen Erstgespr\u00e4ch kl\u00e4ren wir die Themenfelder und M\u00f6glichkeiten zur Umsetzung von n\u00e4chsten Entwicklungsschritten.<\/p>\n<\/div><\/section><\/div>\n<div  class='flex_column av-1f7dm-4927b45774e6eb8ad10545c5d7ce2296 av_one_third  avia-builder-el-3  el_after_av_one_third  el_before_av_one_third  flex_column_div  column-top-margin'     ><section  class='av_textblock_section av-mchk3b5w-45cb423a0e01d9364a2bd4d358e71df5 '   itemscope=\"itemscope\" itemtype=\"https:\/\/schema.org\/CreativeWork\" ><div class='avia_textblock'  itemprop=\"text\" ><p style=\"text-align: left;\"><strong>Beratung und Coaching<\/strong> f\u00fcr F\u00fchrungskr\u00e4fte und Teams,\u00a0 welche\u00a0 bew\u00e4hrte Verhaltensmuster hinterfragen und noch verborgenes Potential sichtbar machen und einsetzen m\u00f6chten.<\/p>\n<\/div><\/section><\/div>\n<div  class='flex_column av-qn9u-f4a12db527fbf8a2adfef930f840b8cd av_one_third  avia-builder-el-5  el_after_av_one_third  el_before_av_hr  flex_column_div  column-top-margin'     ><section  class='av_textblock_section av-mchk3zx7-eddd2817bccb81085bb079792cbd740d '   itemscope=\"itemscope\" itemtype=\"https:\/\/schema.org\/CreativeWork\" ><div class='avia_textblock'  itemprop=\"text\" ><p style=\"text-align: left;\"><strong>Mediation<\/strong> in Konfliktsituationen mit Blick auf ein von allen Seiten getragenes, nachhaltiges Resultat.<\/p>\n<\/div><\/section><\/div>\n\n<style type=\"text\/css\" data-created_by=\"avia_inline_auto\" id=\"style-css-av-qtwq-04a8d13b4ed43654dae06895a8662f12\">\n#top .hr.hr-invisible.av-qtwq-04a8d13b4ed43654dae06895a8662f12{\nheight:20px;\n}\n<\/style>\n<div  class='hr av-qtwq-04a8d13b4ed43654dae06895a8662f12 hr-invisible  avia-builder-el-7  el_after_av_one_third  el_before_av_hr '><span class='hr-inner '><span class=\"hr-inner-style\"><\/span><\/span><\/div>\n\n<style type=\"text\/css\" data-created_by=\"avia_inline_auto\" id=\"style-css-av-mchk3hxf-5064a7ad2c8796aed38ed8a223510a13\">\n#top .hr.hr-invisible.av-mchk3hxf-5064a7ad2c8796aed38ed8a223510a13{\nheight:60px;\n}\n<\/style>\n<div  class='hr av-mchk3hxf-5064a7ad2c8796aed38ed8a223510a13 hr-invisible  avia-builder-el-8  el_after_av_hr  el_before_av_hr '><span class='hr-inner '><span class=\"hr-inner-style\"><\/span><\/span><\/div>\n\n<style type=\"text\/css\" data-created_by=\"avia_inline_auto\" id=\"style-css-av-103mm-a9ae4a6a598c81622351c9f027ec8ece\">\n#top .hr.hr-invisible.av-103mm-a9ae4a6a598c81622351c9f027ec8ece{\nheight:60px;\n}\n<\/style>\n<div  class='hr av-103mm-a9ae4a6a598c81622351c9f027ec8ece hr-invisible  avia-builder-el-9  el_after_av_hr  avia-builder-el-last '><span class='hr-inner '><span class=\"hr-inner-style\"><\/span><\/span><\/div>\n","protected":false},"excerpt":{"rendered":"","protected":false},"author":2,"featured_media":0,"parent":0,"menu_order":1,"comment_status":"closed","ping_status":"closed","template":"","meta":{"footnotes":""},"class_list":["post-18","page","type-page","status-publish","hentry"],"_links":{"self":[{"href":"https:\/\/hanspeterulli.ch\/training-consulting\/wp-json\/wp\/v2\/pages\/18","targetHints":{"allow":["GET"]}}],"collection":[{"href":"https:\/\/hanspeterulli.ch\/training-consulting\/wp-json\/wp\/v2\/pages"}],"about":[{"href":"https:\/\/hanspeterulli.ch\/training-consulting\/wp-json\/wp\/v2\/types\/page"}],"author":[{"embeddable":true,"href":"https:\/\/hanspeterulli.ch\/training-consulting\/wp-json\/wp\/v2\/users\/2"}],"replies":[{"embeddable":true,"href":"https:\/\/hanspeterulli.ch\/training-consulting\/wp-json\/wp\/v2\/comments?post=18"}],"version-history":[{"count":15,"href":"https:\/\/hanspeterulli.ch\/training-consulting\/wp-json\/wp\/v2\/pages\/18\/revisions"}],"predecessor-version":[{"id":125,"href":"https:\/\/hanspeterulli.ch\/training-consulting\/wp-json\/wp\/v2\/pages\/18\/revisions\/125"}],"wp:attachment":[{"href":"https:\/\/hanspeterulli.ch\/training-consulting\/wp-json\/wp\/v2\/media?parent=18"}],"curies":[{"name":"wp","href":"https:\/\/api.w.org\/{rel}","templated":true}]}}